a multiple of 14?
False
Is 4 a factor of 68?
True
Is 12160 a multiple of 76?
True
Is 50 a factor of 19350?
True
Is 46 a factor of 1150?
True
Does 9 divide 2548?
False
Is 2 a factor of 61?
False
Is 90622 a multiple of 173?
False
Is 5 a factor of 443?
False
Is 5742 a multiple of 58?
True
Does 24 divide 371?
False
Does 27 divide 18900?
True
Is 3 a factor of 1027?
False
Does 2 divide 14?
True
Does 6 divide 500?
False
Is 3524 a multiple of 22?
False
Is 26 a factor of 3380?
True
Is 27 a factor of 100?
False
Does 67 divide 491?
False
Does 18 divide 42959?
False
Is 14496 a multiple of 6?
True
Is 9 a factor of 1683?
True
Is 5 a factor of 33139?
False
Is 4 a factor of 273?
False
Is 42050 a multiple of 50?
True
Does 3 divide 12180?
True
Is 39 a factor of 30225?
True
Does 112 divide 1904?
True
Is 172 a factor of 4472?
True
Is 52 a factor of 14248?
True
Is 930 a multiple of 66?
False
Is 19 a factor of 342?
True
Does 10 divide 1606?
False
Does 4 divide 201?
False
Does 42 divide 924?
True
Does 18 divide 1422?
True
Does 5 divide 11145?
True
Is 5056 a multiple of 16?
True
Is 547 a multiple of 11?
False
Does 12 divide 29222?
False
Is 214 a factor of 127116?
True
Is 43 a factor of 4562?
False
Is 2501 a multiple of 41?
True
Is 73 a factor of 803?
True
Is 11 a factor of 44771?
False
Is 31 a factor of 661?
False
Is 9922 a multiple of 19?
False
Does 96 divide 12895?
False
Does 124 divide 25916?
True
Does 79 divide 1659?
True
Is 19 a factor of 12834?
False
Is 456 a multiple of 43?
False
Is 12 a factor of 12575?
False
Does 189 divide 14175?
True
Is 10976 a multiple of 8?
True
Is 11396 a multiple of 15?
False
Is 55 a factor of 29370?
True
Is 550 a multiple of 110?
True
Does 104 divide 2080?
True
Does 7 divide 12160?
False
Is 40752 a multiple of 43?
False
Is 89891 a multiple of 179?
False
Does 7 divide 4137?
True
Is 48036 a multiple of 451?
False
Is 77 even?
False
Is 47 a factor of 10127?
False
Is 29 a factor of 870?
True
Is 226 a factor of 43399?
False
Is 7 a factor of 2023?
True
Is 113 a factor of 4068?
True
Is 8255 a multiple of 40?
False
Is 59829 a multiple of 11?
True
Does 8 divide 493?
False
Does 151 divide 39728?
False
Does 87 divide 32878?
False
Is 53333 a multiple of 24?
False
Is 42 a factor of 5418?
True
Is 4 a factor of 217?
False
Is 3 a factor of 1571?
False
Is 25720 a multiple of 42?
False
Is 23 a factor of 4692?
True
Does 24 divide 1416?
True
Is 5 a factor of 12743?
False
Is 24 a factor of 36912?
True
Is 11 a factor of 477?
False
Is 65 a factor of 3380?
True
Is 64 a factor of 1101?
False
Is 6 a factor of 108?
True
Is 3511 a multiple of 13?
False
Is 38 even?
True
Is 18 a factor of 21596?
False
Is 44 a factor of 39732?
True
Does 114 divide 8094?
True
Is 2970 a multiple of 9?
True
Is 10 a factor of 2044?
False
Is 578 a multiple of 17?
True
Is 18 a factor of 11394?
True
Is 100 a factor of 700?
True
Is 246 a multiple of 6?
True
Is 17088 a multiple of 18?
False
Is 16 a factor of 79184?
True
Is 10882 a multiple of 75?
False
Is 23655 a multiple of 57?
True
Is 33 a factor of 16190?
False
Does 10 divide 1152?
False
Is 6 a factor of 36?
True
Is 18 a factor of 1065?
False
Is 2163 a multiple of 21?
True
Is 9828 a multiple of 78?
True
Is 24 a multiple of 16?
False
Is 13 a factor of 881?
False
Is 23250 a multiple of 7?
False
Is 8 a factor of 973?
False
Is 42 a factor of 453?
False
Does 14 divide 15090?
False
Does 229 divide 9031?
False
Is 22786 a multiple of 5?
False
Is 1105 a multiple of 30?
False
Is 8384 a multiple of 14?
False
Is 10 a factor of 30772?
False
Is 8 a factor of 179?
False
Does 52 divide 3544?
False
Is 1320 a multiple of 60?
True
Is 121 a factor of 16919?
False
Does 38 divide 1735?
False
Is 1364 a multiple of 32?
False
Is 12 a factor of 166?
False
Is 16 a factor of 1280?
True
Does 4 divide 8800?
True
Is 1136 a multiple of 142?
True
Is 32 a factor of 64?
True
Does 24 divide 1490?
False
Does 39 divide 1911?
True
Is 31 a factor of 1868?
False
Is 157 a multiple of 29?
False
Is 24 a factor of 2376?
True
Is 624 a multiple of 78?
True
Is 3216 a multiple of 12?
True
Is 662 a multiple of 3?
False
Is 15925 a multiple of 13?
True
Is 1628 a multiple of 74?
True
Is 396 a factor of 38412?
True
Is 29 a factor of 1025?
False
Is 49 a factor of 89?
False
Does 25 divide 20700?
True
Is 720 a multiple of 12?
True
Is 50 a factor of 61188?
False
Does 25 divide 542?
False
Is 213 a multiple of 7?
False
Is 930 a multiple of 62?
True
Does 12 divide 40198?
False
Is 15 a factor of 6712?
False
Is 13174 a multiple of 14?
True
Is 77 a factor of 8393?
True
Does 222 divide 41292?
True
Is 136 a multiple of 4?
True
Is 11 a factor of 1132?
False
Does 18 divide 1188?
True
Is 1500 a multiple of 30?
True
Is 7 a factor of 4703?
False
Is 1402 a multiple of 36?
False
Does 12 divide 1020?
True
Does 16 divide 841?
False
Is 51 a factor of 4131?
True
Is 4067 a multiple of 47?
False
Is 7351 a multiple of 12?
False
Is 29420 a multiple of 77?
False
Is 7 a factor of 936?
False
Is 13 a factor of 472?
False
Is 236 a multiple of 108?
False
Is 53721 a multiple of 47?
True
Is 5314 a multiple of 6?
False
Does 3 divide 55?
False
Is 61 a factor of 2989?
True
Is 1286 a multiple of 38?
False
Is 3182 a multiple of 74?
True
Is 55 a factor of 220?
True
Is 3 a factor of 3369?
True
Is 14 a factor of 41?
False
Is 75 a factor of 1350?
True
Does 40 divide 2021?
False
Is 2520 a multiple of 128?
False
Does 145 divide 10440?
True
Does 38 divide 65905?
False
Is 5670 a multiple of 35?
True
Is 1610 a multiple of 19?
False
Is 68 a factor of 106291?
False
Does 12 divide 4542?
False
Does 24 divide 175?
False
Is 899 a multiple of 56?
False
Does 3 divide 138?
True
Is 317 a multiple of 31?
False
Is 105 a factor of 90921?
False
Does 19 divide 7125?
True
Does 74 divide 6712?
False
Is 58 a factor of 1539?
False
Is 3 a multiple of 2?
False
Is 123 a factor of 9894?
False
Does 6 divide 4691?
False
Is 13 a factor of 1430?
True
Does 85 divide 13855?
True
Is 316 even?
True
Is 1417 a multiple of 12?
False
Does 9 divide 147?
False
Does 5 divide 140?
True
Is 270 a multiple of 9?
True
Is 957 a multiple of 3?
True
Does 301 divide 10520?
False
Does 30 divide 1861?
False
Is 11 a factor of 7986?
True
Does 24 divide 456?
True
Is 3 a factor of 766?
False
Is 37 a factor of 962?
True
Does 3 divide 186?
True
Is 8 a factor of 2400?
True
Is 1653 a multiple of 29?
True
Is 676 a multiple of 39?
False
Is 2 a factor of 314?
True
Is 35782 a multiple of 132?
False
Is 66 a factor of 2772?
True
Is 9 a factor of 531?
True
Does 101 divide 1414?
True
Does 133 divide 98844?
False
Is 71 a factor of 1349?
True
Does 38 divide 30027?
False
Does 6 divide 882?
True
Does 50 divide 2854?
False
Is 86 a factor of 50568?
True
Is 103 a factor of 744?
False
Is 20 a factor of 10588?
False
Does 120 divide 7320?
True
Is 24 a factor of 6528?
True
Does 8 divide 510?
False
Is 16 a factor of 8192?
True
Is 16166 a multiple of 17?
False
Is 1912 a multiple of 8?
True
Is 6 a factor of 22267?
False
Does 65 divide 10535?
False
Does 5 divide 1900?
True
Is 299 a multiple of 13?
True
Is 7344 a multiple of 54?
True
Is 14 a factor of 756?
True
Does 34 divide 8447?
False
Is 12 a factor of 83340?
True
Is 696 a multiple of 29?
True
Is 178 a factor of 30260?
True
Is 23 a factor of 2139?
True
Is 8306 a multiple of 121?
False
Is 1135 a multiple of 27?
False
Is 1309 a multiple of 11?
True
Does 18 divide 54?
True
Is 29 a factor of 3513?
False
Is 932 a multiple of 4?
True
Does 13 divide 16580?
False
Is 20 a factor of 18400?
True
Is 14 a factor of 3878?
True
Is 394 a factor of 22458?
True
Does 25 divide 2325?
True
Is 15 a factor of 16467?
False
Is 86 a factor of 21421?
False
Is 22730 a multiple of 13?
False
Is 47 a factor of 31255?
True
Is 4 a factor of 312?
True
Does 27 divide 7618?
False
Does 262 divide 18912?
False
Does 6 divide 234?
True
Is 45 a factor of 86720?
False
Is 6 a factor of 552?
True
Does 23 divide 3493?
False
Is 2 a factor of 1329?
False
Is 13 a factor of 2600?
True
Is 3 a factor of 2903?
False
Does 70 divide 980?
True
Is 16 a factor of 11379?
False
Is 1343 a multiple of 2?
False
Is 2188 a multiple of 6?
False
Does 49 divide 6370?
True
Is 13 a factor of 11688?
False
Is 46 a factor of 7860?
False
Is 17 a factor of 748?
True
Does 5 divide 384?
False
Is 27 a factor of 12063?
False
Is 21316 a m